
4deb1b
In base 2, what is 10110 - 10000101111010111?
-10000101111000001
In base 2, what is -1000101110101110001010110110 + 11?
-1000101110101110001010110011
In base 3, what is 1022121 - 101202012?
-100102121
In base 5, what is -41412011021 - 3?
-41412011024
In base 4, what is 13 - 133331111232?
-133331111213
In base 2, what is 10110111101110101 - 1110?
10110111101100111
In base 16, what is -3fe - -7f22?
7b24
In base 11, what is -1558 + 321a56?
3204a9
In base 12, what is -3075ab322 - 3?
-3075ab325
In base 13, what is 5a9864 + -47?
5a981a
In base 11, what is 6031725 - 0?
6031725
In base 12, what is 29a83a + 804?
29b442
In base 8, what is 127704 + -754?
126730
In base 13, what is -105c0a8 + 5?
-105c0a3
In base 9, what is 8 + 1063853?
1063862
In base 11, what is -7655 + -66?
-7710
In base 6, what is -20 + 14534313?
14534253
In base 9, what is -1244015 + 8?
-1244006
In base 10, what is -393078 - -173?
-392905
In base 12, what is 4b190 + -6a89?
44303
In base 11, what is 1a4585 + 66?
1a4640
In base 5, what is -31230032 - -14024?
-31211003
In base 4, what is 200031100302 + -1101?
200031033201
In base 5, what is -10032204 + 44233?
-4432421
In base 10, what is 24170992 + 1?
24170993
In base 16, what is 153a4d8 - -5?
153a4dd
In base 16, what is 190c34 - -7f?
190cb3
In base 15, what is 2 - -8964c7?
8964c9
In base 9, what is 1714207 - -14?
1714222
In base 14, what is 58 + 4cc34?
4cc8c
In base 8, what is 46461 - -15274?
63755
In base 15, what is dbb + 3d3?
129e
In base 9, what is 2 - -31518855?
31518857
In base 15, what is 729b3 - b?
729a7
In base 16, what is 3 - -46b3692?
46b3695
In base 2, what is 101011 - 1100100000110110110010?
-1100100000110110000111
In base 5, what is 321420111020 + -10?
321420111010
In base 10, what is -28758573 - 0?
-28758573
In base 13, what is -10b + c5302?
c51c4
In base 4, what is -1021313120 + 313?
-1021312201
In base 13, what is 14 - -679b2a?
679b41
In base 11, what is a9898 + -54?
a9844
In base 15, what is 35d555 + 2?
35d557
In base 9, what is -420650834 + 2?
-420650832
In base 16, what is -4d59 - -5221?
4c8
In base 6, what is -3 - -231535103?
231535100
In base 13, what is -c1c7 - 3ac?
-c5a6
In base 15, what is bc4 + 1d10?
29d4
In base 2, what is 101 + -1010101101010001110010100101?
-1010101101010001110010100000
In base 11, what is 1 + 3264a08a?
3264a090
In base 6, what is -201542422 - -4?
-201542414
In base 13, what is 4 + 49b9595?
49b9599
In base 13, what is a0 + -aa639?
-aa569
In base 16, what is -2b85641 - 8?
-2b85649
In base 8, what is 401277 - -102?
401401
In base 11, what is -8 + -1653124?
-1653131
In base 7, what is 4123352 + 1460?
4125142
In base 11, what is 632 - -a2875?
a33a7
In base 15, what is -dc + -2cee?
-2ddb
In base 3, what is 11212000200 - 1002?
11211222121
In base 6, what is 210541 - 33243?
133254
In base 11, what is -12229099 + -a?
-122290a8
In base 12, what is 6 + -25b309?
-25b303
In base 11, what is 2621688 + 6?
2621693
In base 11, what is 5a6615a + 12?
5a66171
In base 16, what is -fe391d + 8?
-fe3915
In base 4, what is -131133022 + 302?
-131132120
In base 16, what is 33bced - 3c?
33bcb1
In base 16, what is 132d6eb - 20?
132d6cb
In base 16, what is -66 + 67277?
67211
In base 15, what is -1a6d621 - 0?
-1a6d621
In base 14, what is 5 - -4342285?
434228a
In base 16, what is -2baa0aa - 7?
-2baa0b1
In base 14, what is 1273a22 + 6?
1273a28
In base 11, what is -965a8 + 825?
-95883
In base 12, what is -1116b + -8199?
-19348
In base 8, what is 50 - -2056164?
2056234
In base 8, what is -4377 - 36?
-4435
In base 13, what is -565a6 - 1604?
-57baa
In base 14, what is 359b19 + -53?
359aa6
In base 3, what is 12022202021 + -101201?
12022100120
In base 10, what is 48602961 - -4?
48602965
In base 8, what is 44506433 + 2?
44506435
In base 12, what is -26 - 1b83819?
-1b83843
In base 6, what is -50333100 - -21?
-50333035
In base 8, what is -17 + -33251542?
-33251561
In base 13, what is 12837ca65 - 0?
12837ca65
In base 2, what is -111011001111110111101 + -111?
-111011001111111000100
In base 3, what is -1110 + 2021000112?
2020222002
In base 16, what is -3 + 988e9d?
988e9a
In base 13, what is 5550 - c7a?
45a3
In base 12, what is 6a8248 + 202?
6a844a
In base 16, what is 1a18601 - 4?
1a185fd
In base 15, what is a73a0 - -1?
a73a1
In base 7, what is -3663253 + -13?
-3663266
In base 13, what is -27 - -33258c?
332565
In base 12, what is 3 - -30a71b5?
30a71b8
In base 11, what is -3 - 3221a19?
-3221a21
In base 5, what is -334320 + 222240?
-112030
In base 13, what is -a73 + 46c0?
394a
In base 6, what is 2003403021 - 13?
2003403004
In base 6, what is -112 - 1223325032?
-1223325144
In base 16, what is dca0dc - 12?
dca0ca
In base 15, what is 7e607 + -259?
7e39d
In base 2, what is -111111110010 - 10111100111?
-1010111011001
In base 13, what is 2b0 - 506?
-226
In base 14, what is 18 - 52358?
-52340
In base 11, what is 83202804 - -3?
83202807
In base 13, what is 1ac + -b43264?
-b43085
In base 4, what is 22130300 - -3032?
22133332
In base 6, what is 2521 + 12133433?
12140354
In base 10, what is -18577159 - 0?
-18577159
In base 14, what is 12001124 - -5?
12001129
In base 14, what is 3 + 2a838035?
2a838038
In base 10, what is 182 - 80757?
-80575
In base 11, what is -1 + 2553012?
2553011
In base 3, what is -11210201200 + 112?
-11210201011
In base 10, what is -4550 - 3055?
-7605
In base 11, what is 804 + -7514?
-6810
In base 15, what is -e923b9 + -5?
-e923be
In base 3, what is -21211111012002 + -21121?
-21211111110200
In base 12, what is 182 + -27892?
-27710
In base 4, what is 133222033 - 2?
133222031
In base 9, what is 5 + 33638544?
33638550
In base 2, what is -101111000000111001 + 1001?
-101111000000110000
In base 7, what is 1232435414 + -4?
1232435410
In base 8, what is -421 - -3114072?
3113451
In base 16, what is 5 - 7718c4?
-7718bf
In base 11, what is -4 + 1404742a?
14047426
In base 8, what is 352665 + -342?
352323
In base 7, what is 45314 - -1060?
46404
In base 5, what is -442 + -112034?
-113031
In base 4, what is -112030 - -301320?
123230
In base 14, what is 98a1b - -26?
98a43
In base 3, what is 101 + -12020022021101?
-12020022021000
In base 3, what is -2112010012122000202 + -1?
-2112010012122000210
In base 3, what is 102201 + -1022220012?
-1022110111
In base 14, what is 29803 + -144?
2969d
In base 12, what is -10 - 473812?
-473822
In base 10, what is 80 - -267982?
268062
In base 3, what is 1020121122 + -10010022?
1010111100
In base 6, what is 12122151 - 1050?
12121101
In base 6, what is -221314212 + 114?
-221314054
In base 9, what is 2 + 536485028?
536485031
In base 5, what is -230113433021 + -14?
-230113433040
In base 15, what is 13bcc3de + 5?
13bcc3e4
In base 13, what is 153 + c23?
1076
In base 4, what is -23 + 1230023222?
1230023133
In base 10, what is 26 - -1476629?
1476655
In base 7, what is 144321120 + 12?
144321132
In base 15, what is 2 + 47d3e76?
47d3e78
In base 3, what is -100100212120111 - 2?
-100100212120120
In base 10, what is 701340 + 257?
701597
In base 13, what is -30831 + -1327?
-31b58
In base 2, what is -10 - 1001100001010100000111?
-1001100001010100001001
In base 15, what is -7 + -89391?
-89398
In base 10, what is 114944828 + 1?
114944829
In base 8, what is -34723576 + 3?
-34723573
In base 3, what is -222202201221002122 - 1?
-222202201221002200
In base 13, what is bc - -5500?
55bc
In base 5, what is -111312100102 + 2?
-111312100100
In base 2, what is -101001 - -110111000000?
110110010111
In base 3, what is -21021102212 + 1?
-21021102211
In base 15, what is -9b77a91 + -5?
-9b77a96
In base 8, what is -41 - -67506?
67445
In base 5, what is -12203200102 + -3?
-12203200110
In base 12, what is -350b - -4aa?
-3021
In base 4, what is -3 - -1133231303233?
1133231303230
In base 9, what is -16 + -306715?
-306732
In base 15, what is -10985c - -3d5?
-109477
In base 5, what is 11014221214423 + -3?
11014221214420
In base 11, what is 126676 + 11?
126687
In base 15, what is 1562 + -2a51?
-14de
In base 7, what is 122443 - 34015?
55425
In base 15, what is 2e93 + 5226?
81b9
In base 10, what is 5 + -64775392?
-64775387
In base 13, what is 15b3a86c8 + -1?
15b3a86c7
In base 15, what is -5 + -4027bd?
-4027c3
In base 2, what is 0 + 1001011011111100001100100010?
1001011011111100001100100010
In base 15, what is -782 + -4d8b?
-561d
In base 15, w